e 8 = 2*a, 3*c - 7*a + 92 = -2*a. Is (-91708)/c - ((-28)/(-24))/7 prime?
True
Let z(y) = y**2 + 5*y - 5. Let t be z(1). Let o(c) = 15*c - 4 + 8*c + 2*c. Is o(t) a composite number?
True
Let p be (0 + 4/12)*-3. Let i = 5 + p. Suppose 0 = s - m - 153, 0*s + 336 = 2*s + i*m. Is s composite?
True
Suppose -4*y = 35 - 11. Is y/(4 - 282/69) a prime number?
False
Let m(z) = -z**3 - 10*z**2 - 9*z + 2. Let c be m(-9). Suppose -4 + 0 = c*g, t + 2*g = 703. Is t composite?
True
Let i = -642 - 13. Let k = 262 - i. Is k a composite number?
True
Suppose -3*c = 4*n - 28, -6*n + 3*n + 16 = c. Suppose -i + 647 = 4*f, 1422 + 519 = 3*i - c*f. Is i prime?
True
Let f(y) = y. Let k be f(-5). Let g(d) = -d**3 + 2*d**2 + 3*d + 3. Is g(k) composite?
False
Let n = -392 + -394. Is (-21)/(-14)*n/(-9) a composite number?
False
Let l(t) = t**3 - 4*t + 5294. Is l(0) prime?
False
Suppose 6*r = 3469 - 547. Let i = -236 + r. Is i a prime number?
True
Let o(r) be the first derivative of -r**4/4 + r**3/3 + 4*r**2 + 7*r + 3. Is o(-6) a composite number?
False
Let s(g) = -g**3 - 7*g**2 + 8*g + 3. Let z be s(-8). Let y = z + -6. Is ((-191)/y)/(4/12) composite?
False
Suppose x = -2*b - 2913 + 28363, 0 = 4*b + 3*x - 50904. Is b a composite number?
True
Let j(w) = -2*w - 2. Let u be j(-2). Suppose -2 = u*h - 4. Is (h/3)/((-18)/(-26514)) prime?
True
Suppose 0 = -f - 2*f + 162. Suppose -f = -2*r - 2. Is r a prime number?
False
Suppose -1 = 2*d - 17. Let z be 9 + 4*(-4)/d. Suppose -3*p + 99 = -3*n, -n = -3*p + z*p - 142. Is p composite?
True
Let p be (8/12)/((-4)/(-102)). Suppose -5 = -4*o - p. Is 184 + (-2 - o)*1 a prime number?
False
Suppose -2*r = 4*d - 28 - 2, -25 = -2*r + d. Let l(h) = -5*h**2 - 1 + 29*h + h**3 - 12*h - r*h. Is l(5) prime?
True
Suppose 3286 + 788 = 21*g. Is g a composite number?
True
Let j = 45 - 119. Let t = j - -201. Is t prime?
True
Let k(l) = -20*l**3 + l**2 + 3*l - 3. Is k(-3) composite?
True
Let b = -4816 + 2375. Let i = -1798 + b. Is (-2)/4 + i/(-18) a composite number?
True
Let j(c) be the first derivative of c**3/3 + 2*c**2 + 3*c + 2. Let a be j(-3). Suppose a = -4*l - 3*n - 0*n + 362, -2*l + 176 = -n. Is l a composite number?
False
Suppose 5*j + 14 + 1 = 0. Let v = -9 + 8. Is v - j/((-6)/(-214)) a prime number?
False
Suppose 5*u = -9 - 1. Let g be u + 5 + (6 - 2). Suppose -3*s = -26 - g. Is s a composite number?
False
Suppose 2*v + 2*k + 4 = 0, -5*v + k + 12 = -v. Suppose -3*g = -y + 7, v*y + 5*g - 28 = -2*y. Suppose 4*r = -4*t + 1080, 3*r = y*r + t - 1092. Is r prime?
False
Suppose -10*h + m = -12*h + 2668, -m - 3997 = -3*h. Is h a prime number?
False
Let r(q) = -q**2 - 7*q + 4. Let c be r(-7). Suppose 0 = -2*u - 0*u - c*i + 1414, 3553 = 5*u + 4*i. Is u prime?
False
Let u be 9/(-2)*(-40)/6. Let x be (-2482)/(-3) - 10/u. Let c = x - 462. Is c composite?
True
Is 2/(23202/3314 - 7) composite?
False
Let w = 1929 + 1528. Is w a composite number?
False
Let r(g) = 4*g + 11 - 43*g**2 + 32*g**2 + 59*g**2. Is r(-3) a composite number?
False
Suppose 840 = 4*s - 764. Is s prime?
True
Let r(y) = y**3 - 20*y**2 - 49*y + 67. Is r(24) prime?
False
Suppose -9*y + 5274 = -0*y. Is y prime?
False
Let r be (-44)/11*1/(-2)*2. Suppose -r*z - 21314 = -2*o, -z + 31973 = 3*o - 6*z. Is o prime?
False
Let j(s) be the third derivative of -s**6/120 + 13*s**5/60 + 11*s**4/24 - 5*s**3/3 + 8*s**2. Let v(f) = 6*f + 1. Let q be v(2). Is j(q) a composite number?
True
Is ((-1734336)/384)/(6/(-4)) a composite number?
False
Suppose 0 = 2*u + 182 - 58. Let l = u - -200. Suppose l = 4*j - j. Is j prime?
False
Suppose 4*h + 5*p = -21, -5*h - 14 = 2*p - 9. Let c(f) = -57*f**3 + 2*f - 2*f**2 + 3*f - 4*f + 176*f**3. Is c(h) a composite number?
True
Let c be 240/(-1)*9*(-2)/6. Suppose -5*q + 4*q + 718 = -b, -q - b + c = 0. Is q prime?
True
Let b(l) = -11*l + 4. Suppose -y - y - 8 = 0. Let z be b(y). Suppose -z + 169 = u. Is u a prime number?
False
Suppose -3*u + 3*v + v = -17, -3*u - 2*v = -5. Suppose -j - 5929 + 16189 = u*a, -10266 = -3*a - 3*j. Is a a composite number?
True
Let m be (-6)/(-7)*(-7)/1. Let u = -4 - m. Is (8/(-12))/(u/(-387)) a prime number?
False
Suppose -n - d + 11181 = 0, -d = 5*n - 60559 + 4646. Is n composite?
True
Suppose -4*u = -4*a + 15748, 0 = 2*a - a + 5*u - 3925. Is a a composite number?
True
Suppose 2*b - 5*b - 3*c = -57363, 76484 = 4*b - 2*c. Is b a prime number?
True
Let v(w) = 13*w**2 - 10*w - 8. Let f be v(-4). Suppose -5*d = 2*n - 150 - 105, -5*n = 5*d - f. Is d prime?
True
Suppose -3 = -2*r + 5*y - 14, -3*r + 3*y - 3 = 0. Suppose z = -2*h - 0*z + 862, -r*h + 5*z + 862 = 0. Is h composite?
False
Suppose 7*v = 10*v - 21582. Let m = v + -3361. Is m a prime number?
True
Suppose -2*m - 14 = 110. Is (-24)/(-8) - (-2 + m*7) prime?
True
Suppose 0 = 16*j - 1135001 - 711479. Is j a prime number?
False
Let r be (12/10)/((-17)/2295). Let m = r + 268. Is m a composite number?
True
Suppose -2*r + 3*r - 3 = -c, -r = 4*c - 18. Suppose 3*w + c*v = 20, -5*v + 15 = -w + 3*w. Suppose w*n + 633 - 3090 = 3*t, -4*n + 5*t = -1976. Is n composite?
True
Let o(a) = -567*a - 55. Let f be o(-12). Suppose -v - v + u = -f, -3*u - 13493 = -4*v. Is v composite?
True
Let a(q) = q**2 + 7*q - 12. Let t be a(-9). Let m be -1 + 3/t*4. Let h = m - -306. Is h prime?
True
Let k(b) = -b**3 + b**2 - b + 1. Let p be (-2)/5 + (-36)/(-15). Let w be k(p). Let d = w - -16. Is d a composite number?
False
Let s(c) = -c**3 + 11*c**2 - 5*c - 2. Let r(n) = -n**2 - 7*n - 1. Let z be r(-6). Is s(z) prime?
False
Suppose -o = -5*o - 52. Let x = 80 + o. Is x a prime number?
True
Suppose -2*u = -q - 3294, u = 2*u + 4*q - 1656. Suppose -8*a = -4728 - u. Is a composite?
False
Let p(m) = 107*m**2 + 3*m - 3. Let x be p(2). Let f = x + -282. Is f a composite number?
False
Let j(d) = -24*d**2 + 1. Let i be j(-1). Let v = 125 - i. Suppose 0 = 5*g + y - 423, -v = -5*g - 4*y + 269. Is g prime?
False
Let b(t) = -27*t - 18. Let j(q) = -56*q - 36. Let r(v) = -5*b(v) + 2*j(v). Let f be (-39)/(-6) - 2/(-4). Is r(f) a prime number?
True
Suppose 9360 - 57425 = -m. Is m a composite number?
True
Suppose c + 2793 = -1661. Is c/(-8) - (-1 + 18/24) composite?
False
Let k(i) be the second derivative of 11*i**4/12 + i**3 - i**2/2 + i. Let w be k(-8). Suppose -4*p - 3*r = -w, -2*p - 5*r + r + 330 = 0. Is p composite?
False
Let l = -125 - -7780. Is l composite?
True
Is (25317 - -44) + -1 + 1 a prime number?
False
Let o(l) = 1282*l - 203. Is o(9) a composite number?
True
Let a be 2/(-13) + 140/65. Suppose -26 = a*f + 3*f + 3*x, -f - 2*x - 8 = 0. Let g(r) = -2*r**3 - 4*r**2 - 5*r + 1. Is g(f) a prime number?
False
Let w(j) = -10*j + 1. Let s = 0 - 0. Let r be s/(-3) + -3 + 2. Is w(r) a prime number?
True
Suppose -t + 18 = 5*t. Suppose -4*s - 4*b = -1316, 329 = s - 0*s + t*b. Is s a prime number?
False
Suppose 9*t - 6*t + 4*h - 15945 = 0, 0 = -h + 3. Is t a prime number?
False
Let b(y) = -y. Let v(k) = -6*k - 45. Let j(q) = -2*b(q) - v(q). Is j(13) a prime number?
True
Suppose 3*z = -f + 7, 3*z + z - 5*f - 22 = 0. Let i be z/12 - (-30)/8. Let o(x) = 19*x**2 + 6*x - 7. Is o(i) prime?
False
Let k(d) = -862*d**3 + 2*d**2 - d - 2. Let x be (2/2)/(-1) - 0. Is k(x) composite?
False
Let z(f) = -140*f + 3. Let j(q) = -47*q + 1. Let k(x) = -7*j(x) + 2*z(x). Is k(2) prime?
True
Let y = -5062 - -3605. Let j = y - -2346. Is j a composite number?
True
Suppose 4*f = 5*n + 6868, 3*f - 5*n = -2*n + 5148. Suppose 8*q - f = 2568. Is q a composite number?
True
Suppose 0 = d + 4*t - 99, -119 = 3*d - 4*d + t. Suppose h + 5*q = -2*h + d, 5*q - 35 = -h. Suppose h = 11*g - 7*g. Is g composite?
True
Let h = 21 + -23. Let l be -3 - (-15 + h)*2. Suppose -3*j - 2*s + l = -120, 4*j - 4*s - 208 = 0. Is j prime?
False
Let m(h) = -h**2 - 18*h + 24. Let v be m(-19). Let q(d) = 93*d**2 + 8*d - 8. Is q(v) a prime number?
True
Suppose 5*d - 19500 - 9700 = -5*y, -3*y + 2*d = -17515. Is y a composite number?
False
Let s be 24/(-9)*2*-444. Suppose -191 - s = -3*g. Is g a prime number?
True
Let c be -3*4 + (4 - 2). Is (-5)/c*-1277*(2 - 4) a composite number?
False
Suppose 0 = -4*g + 2*j - 5*j - 5772, 0 = -4*j. Let k = 3622 + g. Is k composite?
False
Let u be (-4)/(-18) - 10180/(-36). Let p(c) = c**2 + 22*c - 32. Let n be p(-13). Let v = u + n. Is v composite?
True
Let y(m) = -149*m**2 - 2